(-6)*r/6. Calculate the highest common factor of 74 and k.
37
Let c = -20 + 31. Let m = 164 + 17. Let a = -104 + m. Calculate the highest common factor of c and a.
11
Suppose 2*i - 9*s - 249 = -10*s, 142 = i + 4*s. Let p = i - 108. Suppose 2*k + 6*c - 41 = 3*c, 2*c + 122 = 4*k. What is the greatest common divisor of p and k?
14
Suppose 6*p + 144 - 162 = 0. Suppose 104 = p*s + 68. What is the greatest common factor of 384 and s?
12
Suppose 5*y - 608 = 1792. Suppose -6*s = -1728 + y. What is the highest common divisor of s and 48?
16
Let y(q) = -q**3 - 15*q**2 - 155*q + 32. Let v be y(-8). What is the greatest common divisor of 4 and v?
4
Let p = 8972 - 7839. What is the greatest common factor of 1957 and p?
103
Let i = 211 - 146. Let h be (-68)/(-1)*i/52. Let m be (-17)/(-68) + (-542)/(-8). Calculate the highest common divisor of m and h.
17
Let m = -43 - -106. Suppose -18*z - 234 = -20*z. Let u = z - m. Calculate the highest common factor of u and 36.
18
Let m(l) = l**3 + 49*l**2 + 25*l - 118. Let r be m(-48). Calculate the highest common factor of 174 and r.
58
Suppose 0 = 30*f - 16*f - 42. Let w(r) = -r**2 - 27*r + 63. Let i be w(-27). What is the greatest common factor of f and i?
3
Suppose -2*j + 22 = -2268. Suppose -3*f + 5*n = -j, -5*f + 2*n + 1915 = -3*n. Calculate the greatest common factor of f and 35.
35
Let c be (61*-1)/(-20 + 19). Let u = -57 + c. Let x be (u - -280)/1 - (1 - -3). Calculate the greatest common divisor of x and 35.
35
Suppose -4*m - 233 = -4*s - 33, 0 = s + 2*m - 35. What is the highest common divisor of s and 15?
15
Let y(b) = -62*b + 1646. Let t be y(8). What is the highest common divisor of 46 and t?
46
Let i be (320/(-28))/((-2)/14). Let u = 127 - -13. What is the greatest common factor of i and u?
20
Let n = 10 - 0. Suppose -s = -n + 1. Suppose 5*v + 0*v = 3*j - 130, -j + 5*v = -40. What is the greatest common factor of j and s?
9
Suppose -24*s = 7*s - 1014 + 84. Let d(i) be the second derivative of i**3/6 + 75*i**2/2 + i. Let t be d(0). Calculate the greatest common factor of t and s.
15
Let z be (-6)/(-5)*(88 + 2). Let o = -22915 + 22939. What is the highest common factor of o and z?
12
Suppose 2*z + z + 8 = 2*m, 3*m + 15 = 0. Let b(r) = -6*r + 24. Let d be b(z). What is the highest common factor of 60 and d?
60
Suppose -180*m + 17337 + 7436 - 1373 = 0. What is the highest common divisor of 845 and m?
65
Let n(f) = -f**3 - 4*f**2 - 2*f + 2. Let w be n(-4). Let a(r) = r**3 - 7*r**2 - 14*r + 32. Let o be a(w). Calculate the greatest common divisor of 12 and o.
12
Suppose -180*m + 72 = -188*m. Let w be m/(-6)*(-12)/(-18). Let q(o) = o**3 - 7*o**2 - 7*o - 7. Let p be q(8). Calculate the highest common factor of w and p.
1
Suppose 116*l + 120 = 121*l. Suppose -8*j + 4*j = -5*t + 120, -5*j = -t + l. Let v = 8 - -40. What is the highest common factor of t and v?
24
Let s be 3491 + 25/(-25)*21. Calculate the highest common divisor of s and 80.
10
Suppose -4 - 14 = -3*k. Suppose 0*f + k*f - 270 = 0. Suppose -14 = -p + w, -3*p + 0*p + 4*w + f = 0. Calculate the highest common divisor of p and 11.
11
Let m(f) = 3*f**2 - 12*f + 3. Let z be m(4). Suppose -3*o - 182 = a - 3*a, z*a = 2*o + 268. Let y = 12 - 4. Calculate the greatest common divisor of a and y.
8
Let a be ((-7360)/(-48))/((-44)/(-165)). What is the greatest common factor of 989 and a?
23
Let r(n) = 45*n - 1874. Let s be r(42). Calculate the highest common factor of 56 and s.
8
Let a(n) = -n**3 - 31*n**2 - 91*n - 144. Let w be a(-28). Calculate the highest common divisor of w and 91.
13
Let p = -236 + 236. Suppose -4*y - y + 1155 = p. What is the highest common divisor of 22 and y?
11
Let b = 678 - 438. Let y be 3/9 - (-59)/(-6)*-2. What is the greatest common factor of b and y?
20
Let f = -24769 + 25030. What is the highest common factor of f and 333?
9
Let a(m) = 186*m - 1237. Let h be a(10). Calculate the greatest common divisor of 28 and h.
7
Let f be 1 - 3862/(-10) - (-11 - 560/(-50)). What is the greatest common factor of f and 9?
9
Let y = 3470 + -3400. Calculate the highest common factor of 5915 and y.
35
Suppose v = 5*v, 5*v = -4*m + 192. Let d = -503 + 470. Let u be (-1 + 42)*(-99)/d - 3. What is the greatest common factor of m and u?
24
Suppose j + 3*a = 235, 21*a + 1067 = 5*j + 18*a. Calculate the highest common divisor of j and 315.
7
Suppose 0 = -2*y + 10, 6 = -2*n + 2*y + 56. Let f be ((-90)/120)/(6/(-360)). What is the highest common divisor of n and f?
15
Let q(k) = -9*k**3 - 34*k**2 - 35*k - 14. Let v be q(-3). Calculate the highest common divisor of 1050 and v.
14
Suppose -x = 4*x - 1660. Let a = -215 + x. Let v = a - 105. Calculate the greatest common divisor of 132 and v.
12
Let s = -17 + 29. Let n be 76*(39/s + -2). Suppose -12*g = -14 - 214. What is the greatest common factor of g and n?
19
Let m(l) = -139*l + 2647. Let h be m(19). Let b = -2 - -7. Suppose 0 = -b*u, -r + 5*u + 127 = h. Calculate the greatest common factor of 11 and r.
11
Suppose 267*z = 264*z + 42. Let a be (-3)/(-9)*z*(6 + 6). Calculate the greatest common divisor of a and 154.
14
Suppose 26*d + 2073 - 7403 = 0. Suppose 4*n = d - 61. What is the highest common factor of n and 45?
9
Let x(n) be the first derivative of -n**3/3 + 19*n**2/2 + 24*n - 100. Let q be x(20). Calculate the highest common divisor of 13 and q.
1
Let i be (1225/((-35)/(-5)))/(33/(-18) - -2). What is the greatest common divisor of i and 70?
70
Let o be (-109)/(-4) - (-2)/(-8). Let h(a) = 5*a**2 - 94*a + 18. Let z be h(19). Suppose 32*g = 325 - z. Calculate the greatest common divisor of g and o.
9
Let i(b) = 20*b - 29*b + 202 + 10*b. Let z be i(-26). What is the greatest common divisor of z and 440?
88
Let z(h) = 3*h + 187. Let s be z(-18). Let t be (-19)/(s/(-385)) - (0 - -1). What is the greatest common factor of 27 and t?
27
Let q = 2171 - 1593. Calculate the highest common divisor of q and 136.
34
Let g(k) = k**3 + 6*k**2 + 60*k + 155. Let w be g(-3). Let q be (-12)/(-8)*(-16)/3. Let f be (q/(-10))/(8/180). What is the highest common divisor of w and f?
2
Let n = 306 - 304. Suppose -5*o = -3*w - 283, 3*o + w - n*w = 169. What is the highest common factor of o and 14?
14
Suppose 60*r + 846376 = 6*r + 101*r. What is the greatest common divisor of r and 8?
8
Suppose 476 = 4*a - 1700. Suppose -17*o = -a + 17. What is the highest common factor of o and 248?
31
Suppose -h = 1, -8*x = -7*x - 5*h - 35. Let k be (-4)/18 + 104508/81. What is the greatest common factor of x and k?
30
Let j(c) = -3*c - 39. Let u be j(-17). Let f be 1677/u - 5/(-20). Suppose 4*l = 76 + f. What is the greatest common divisor of 6 and l?
6
Let x = 361 - 75. Let v(b) = -4*b + 2. Let m be v(-6). What is the greatest common factor of x and m?
26
Suppose 0 = r + 2*z - 14609, -40*z - 58392 = -4*r - 37*z. What is the greatest common divisor of 93 and r?
93
Suppose l - 18 = -10. Suppose -f = -3*u - 121, -5*u = 2*f - 1032 + 823. Calculate the highest common factor of f and l.
8
Let h = 36156 + -25449. Calculate the highest common divisor of h and 129.
129
Suppose -3*y - 3*s + 21 = 0, 0 = 3*s - 7*s. Suppose -136 + 80 = -y*i. Calculate the highest common factor of i and 32.
8
Suppose 0*h + 3*h = 84. Let w be (-2236)/(-20) - (-10)/50. Suppose -2*z + w = -0*z. Calculate the greatest common factor of z and h.
28
Suppose c + 4 = 0, x - 4*c - 1073 + 973 = 0. Let p(d) = 76*d + 4. Let h be p(4). Let g = -182 + h. Calculate the greatest common factor of g and x.
42
Suppose 2*g = l - 65, 0 = 5*g - 4 + 9. What is the greatest common factor of l and 18?
9
Let n(l) = 2*l**2 - 5*l - 12. Let u(a) = -a**2 - 12*a + 18. Let o be u(-13). Let j be n(o). Let v be (52/8)/(2/4). What is the highest common factor of v and j?
13
Suppose 0 = -2*r + 3*b + 1075, -3*b + 2*b + 2115 = 4*r. Let n = -498 + r. What is the highest common divisor of n and 288?
32
Let z(v) = v**3 - 3*v**2 - 129*v - 93. Let u be z(-7). Calculate the highest common factor of 1472 and u.
64
Let y(b) = -16*b + 8. Let z be y(3). Let k = z - -41. Let g = -1 + 2. What is the greatest common factor of k and g?
1
Let f = -3 - -3. Suppose h - 25 = -3*u - 9, -u + h + 12 = f. Let b(r) = -994*r + 7959. Let g be b(8). Calculate the greatest common factor of g and u.
7
Let b be (-1 - -2)/(6*1/12). S